is the thousands digit of o?
1
Let t be -2 - -1 - 3/3. Let x be (9/t)/((-6)/8). What is the tens digit of 5*(7 - x/2)?
2
Let c = 29 - 46. Let b = 9 + c. Let h = -7 - b. What is the units digit of h?
1
Let g be (-1 - -2 - (8 - 5))*-1. Suppose 0 = -g*f + 5*n - 5 - 11, n = 4. What is the units digit of f?
2
Suppose 1510 + 1973 = 9*b. Let z = b - 252. What is the tens digit of z?
3
Let u be 4/3 + (-4)/(-6). Suppose -28 = -3*h - u*z, z + 3 = 3*h - 10. Let i = h - 2. What is the units digit of i?
4
Let p = 9 - 58. Let d be (-2)/(-7) - (-112)/p. What is the units digit of 3 - (6/d + 5)?
1
Suppose 8*o + 299 = 2187. What is the units digit of o?
6
Suppose 24*b = 35962 - 6178. What is the thousands digit of b?
1
Let l = -37 + 60. Let d(q) = -q**2 + 31*q - 19. What is the tens digit of d(l)?
6
What is the hundreds digit of 4/(-7 + 27400/3912)?
9
Let v = -24 + 27. Suppose -v*i + 179 = 5*k, -5*k - 101 + 343 = 4*i. What is the units digit of i?
3
Suppose 1300 = 3*z - 4*y, z + 5*y - 1692 = -3*z. What is the tens digit of z?
2
Let p(j) be the second derivative of 3*j + 0 + 4*j**2 + 1/3*j**3. What is the units digit of p(0)?
8
What is the tens digit of 5520/(48/8) + -8?
1
Let f(s) = 2*s**2 + 3*s - 10. Let l(y) = -y**2 - 2*y + 7. Let h(n) = -5*f(n) - 8*l(n). Let q be h(0). Let g = q + 34. What is the tens digit of g?
2
Let c(x) = -2*x + 28. Let z be c(15). What is the tens digit of -1 - (4 - (105 - z))?
0
Let f be (-2)/4 + (-14)/(-4). Suppose -4 = f*t - 1. What is the tens digit of (-1)/((-4)/92) - t?
2
Let n(z) = -5*z**2 + 5*z + 9. Let g(m) = -2*m**2 + 3*m + 4. Let f(q) = 7*g(q) - 3*n(q). Let o be f(5). Suppose j - o = -j. What is the units digit of j?
8
Suppose -4*c + 3212 = 5*s, 5*c = 4*s - 715 - 1830. What is the tens digit of s?
4
Suppose -n - 3*n - 4 = 0. What is the units digit of 4*(-3 + 4) - n?
5
Suppose 0 = -3*c + 11*c - 64. What is the units digit of (79 + c - 4)/(1 - 0)?
3
Let s(t) = 10*t**3 - 12*t**2 - 4. Let j(o) = 7*o**3 - 8*o**2 - 3. Let k(x) = 7*j(x) - 5*s(x). Let r be k(4). Let v(u) = 32*u**2. What is the tens digit of v(r)?
3
Let y(p) = 528*p - 319. What is the units digit of y(4)?
3
Let q = 11 - 9. What is the units digit of q/4 - 342/(-12)?
9
Suppose k = 2*a - 1748 - 1266, -3*a - 5*k + 4521 = 0. What is the tens digit of a?
0
Let m(y) = -9*y - 19. Let w(a) = a**2 + 4*a - 17. Let x be w(-6). What is the tens digit of m(x)?
2
Let f = 233 - 217. Let b(r) = -r**2 - 5*r - 1. Let c be b(-3). Suppose -c*q + f = -q. What is the units digit of q?
4
Suppose 3*r - 66 = 360. Let u = r - 47. Let x = 152 - u. What is the units digit of x?
7
Let w(u) = u**3 + 6*u**2 - 2*u + 5. Let g(x) = 2 + x**2 + 2*x**2 + x - 2*x**2 + x**3. Let k be g(-2). What is the tens digit of w(k)?
4
Suppose 0*r - 5*r = 4*a - 444, -5*a + 555 = 4*r. Let l(b) = 19*b - 134. Let t be l(11). Let u = a - t. What is the tens digit of u?
3
Let p(i) = 80 - 42 + 2*i - 35 + 64*i**2. What is the tens digit of p(-1)?
6
What is the hundreds digit of (-26)/(-91) + (-15072)/(-21)?
7
What is the units digit of -55*4/5*-4?
6
Let m(o) = -441*o - 298. What is the hundreds digit of m(-11)?
5
Let k(b) = 6*b + 15. Let i be k(-7). Let n = 30 + i. What is the units digit of n?
3
Suppose y + 54 = 3*y. Let u = y + 13. What is the units digit of u?
0
Let y(h) = 2*h. Let n be y(4). Suppose -q + 14*d = 19*d - 3, 4*q - 12 = d. Suppose q*f + 50 = n*f. What is the tens digit of f?
1
Let r(a) = -17*a**3 - 6*a**2 - 10*a + 11. What is the hundreds digit of r(-3)?
4
Let o = -144 + 390. Let q = -120 + o. What is the hundreds digit of q?
1
Let q be (-1)/(-2) - (-68)/(-8). Let b(k) = 5*k**2 + 11*k + 13. Let c(h) = 4*h**2 + 10*h + 12. Let a(x) = -3*b(x) + 4*c(x). What is the tens digit of a(q)?
1
Let l(d) = 2 - 2*d + 0*d + 5*d + 6. What is the units digit of l(3)?
7
Suppose j + 993 = 2*t, 507 = 4*t + 4*j - 1485. What is the units digit of t?
7
Suppose -t + 5 = 0, 9658 = 8*a - 4*a + 2*t. What is the hundreds digit of a?
4
Let f = 49 - -67. Let s = -65 + f. What is the units digit of s?
1
Suppose o = -3*a + 971, 4*a + 5*o = 10*o + 1320. What is the units digit of a?
5
Suppose 180 + 1465 = 7*y. What is the hundreds digit of y?
2
Let n(g) = g**3 + g**2 + 2*g + 48. Let r(d) = -d**3 + 3*d**2 - 3*d + 2. Let w be r(2). Let z be w/(2 - 4 - -1). What is the units digit of n(z)?
8
Suppose 1 = o, -l - 4*l - 2*o = -77. Suppose 5*q - l*q + 1180 = 0. What is the units digit of q?
8
Let t(f) = f**2 - 5*f**2 - 25 + f**2 + 2*f**2 + 20*f. What is the units digit of t(12)?
1
Let f(i) = 15 - 7*i - 8*i - 1. What is the tens digit of f(-12)?
9
What is the hundreds digit of 2187/(-9)*(-13)/3?
0
Let b(g) = 7*g**2 - 14*g + 39. What is the units digit of b(8)?
5
Let a be (1/3)/(1/3*1). What is the units digit of ((-21)/(-9) + a)/((-3)/(-45))?
0
What is the units digit of (-1677)/(-4) + -5 + (-171)/(-36)?
9
Let l(z) = -z + 8. Suppose -45 = -y - 4*y. Suppose 2*s - 1 + y = 0. What is the units digit of l(s)?
2
Let y(b) = 394*b - 3. What is the tens digit of y(2)?
8
Let z(b) = -b**2 + 39*b + 128. What is the hundreds digit of z(35)?
2
Let h = -24 - -31. Suppose h*t = 3*t + 4*b + 76, -t - 11 = 5*b. What is the tens digit of t?
1
Let v = 179 - 140. What is the tens digit of v?
3
Suppose -110 = 4*b - 30. Let p = 32 + b. Suppose -3*g = -4*g + p. What is the tens digit of g?
1
Let m(n) = -2*n**2 - 36*n - 21. Let k be m(-17). Suppose f - k - 23 = 0. What is the units digit of f?
6
Let p(f) = 2*f**2 - 4*f - 5. Let a = 13 + -10. Let g be (5 + 1)*a/(-6). What is the tens digit of p(g)?
2
Let f(z) = -z**3 - 18*z**2 - 15*z + 20. Let a be f(-16). What is the units digit of (a/15)/((-3)/15)?
4
Let t = 197 - 104. Let o = 170 - t. What is the units digit of o?
7
Let s(t) = -246*t + 142. What is the hundreds digit of s(-2)?
6
What is the thousands digit of (1220/(-30))/((-7)/399)?
2
Let x be -3 + (-2 - (-5 + -2)). Let o(n) be the third derivative of n**6/30 + n**5/30 - n**3/3 - n**2. What is the tens digit of o(x)?
3
Let t be (1/(-4))/(12/(-48)). Suppose 3*q = -5 - t. What is the tens digit of 222/9 + q/3?
2
Let l = 4 + 2. Let v be (0 - -155)/(5 + (-6 - -2)). Suppose -l*n + n = -v. What is the units digit of n?
1
Let h(c) = c**3 + 7*c**2 - 8*c - 10. Let d be h(-8). Let k be 54/15 - 4/d. Suppose a - 4*z + 1 - 3 = 0, 34 = k*a - 3*z. What is the tens digit of a?
1
Suppose -4*y = -44 - 48. Let z be 0 - 2 - 0 - 0. What is the units digit of 2 + z/(-2) + y?
6
Let b(d) = d**2 - 4*d + 3. Let y be b(3). Let q(v) = -v**3 - 2*v**2 + 36. Let o(g) = -g**2 + 1. Let u(r) = -2*o(r) + q(r). What is the tens digit of u(y)?
3
Let z = -1157 - -1673. Suppose -h + 5 = -6*h, 4*h = 4*n - z. What is the hundreds digit of n?
1
Let i(m) = -40*m - 122. What is the hundreds digit of i(-20)?
6
Suppose -2*a + 5 = w - 0, 0 = 3*a + 5*w - 11. Suppose a*b + 0*b = 390. Suppose -87 = -2*u + o, -5*u + 3*o + b = 8*o. What is the tens digit of u?
4
Let a(k) = 2*k - 16. Let y be a(5). Let u(z) = -z**3 - 5*z**2 - 5*z - 8. What is the tens digit of u(y)?
5
Let z(m) = m**3 + 2*m**2 - 13*m - 17. What is the tens digit of z(5)?
9
Suppose 0 = -8*r + 1 + 39. Suppose -r*o - 404 = -1514. What is the hundreds digit of o?
2
Suppose -3*o = -3*d - 3, 3*d = 2*o - o - 3. Let x be 5 + d + (0 - -53). Let h = 88 - x. What is the tens digit of h?
3
Suppose 4*b - 4*n = 1272, -4*b + 1266 = n - 2*n. Suppose -b = 5*x - 7*x. What is the tens digit of x?
5
Let k = -50 - -20. Let t be (-1)/((-9)/k)*9. What is the units digit of 138/(-4)*20/t?
3
Let u = 577 - 402. What is the hundreds digit of u?
1
Let z = 54 + -54. Suppose 2*g + 5*h - 113 = z, -g + 3*h + 187 = 3*g. What is the units digit of g?
9
Suppose 5*o = -4 + 29. Suppose 0 = -o*w - 37 + 107. What is the tens digit of w - (0 + -2 - -3)?
1
Suppose -4*j + 6 = -3*k - 7*j, k = 5*j - 20. Let m(f) be the third derivative of f**5/60 + f**4/8 - 7*f**3/6 - 11*f**2. What is the units digit of m(k)?
3
Suppose -58*y + 30*y = -4228. What is the tens digit of y?
5
Let b(d) = -d**3 - 4*d**2 - 2. Let u be b(-4). Let y be u - 8/12*-39. What is the units digit of (y/(-4) - -3)*-1?
3
Suppose 2*p = -2*l - 2*l + 16, -l = -4*p + 23. Suppose -p*z = -11*z + 50. Suppose -3*h + 3 = -4*h - 2*s, z = 5*h + 5*s. What is the units digit of h?
7
Let m(o) = o**3 + 10*o**2 - 6*o + 3. Let y be m(-10). Let i